1534.
118
Calculate the highest common factor of 28 and 280.
28
What is the highest common divisor of 640 and 440?
40
Calculate the greatest common divisor of 10 and 160.
10
What is the greatest common divisor of 2028 and 12?
12
What is the greatest common factor of 360 and 252?
36
What is the greatest common divisor of 75 and 120?
15
What is the greatest common divisor of 114 and 171?
57
Calculate the greatest common divisor of 1302 and 42.
42
Calculate the greatest common factor of 12 and 66.
6
Calculate the highest common factor of 255 and 60.
15
Calculate the greatest common factor of 344 and 344.
344
What is the highest common divisor of 18 and 10845?
9
What is the greatest common divisor of 61 and 122?
61
What is the highest common divisor of 24 and 3960?
24
What is the highest common divisor of 135 and 3213?
27
What is the greatest common factor of 216 and 8172?
36
Calculate the highest common divisor of 133 and 361.
19
What is the highest common divisor of 48 and 102?
6
Calculate the greatest common divisor of 203 and 14.
7
Calculate the greatest common divisor of 2235 and 298.
149
Calculate the highest common factor of 5898 and 18.
6
Calculate the highest common factor of 658 and 140.
14
Calculate the greatest common divisor of 24641 and 123.
41
Calculate the highest common divisor of 480 and 540.
60
Calculate the highest common divisor of 164 and 12.
4
What is the greatest common divisor of 131 and 3537?
131
Calculate the greatest common factor of 43968 and 32.
32
Calculate the greatest common divisor of 576 and 18.
18
Calculate the greatest common divisor of 28890 and 107.
107
Calculate the highest common factor of 105 and 30.
15
Calculate the greatest common divisor of 18 and 747.
9
What is the greatest common divisor of 196 and 490?
98
What is the greatest common divisor of 64 and 608?
32
What is the greatest common divisor of 17316 and 117?
117
Calculate the greatest common divisor of 55 and 77.
11
Calculate the greatest common divisor of 279 and 9.
9
Calculate the highest common factor of 300 and 84.
12
Calculate the highest common factor of 638 and 1298.
22
What is the greatest common divisor of 400 and 20?
20
What is the highest common factor of 125 and 150?
25
Calculate the greatest common divisor of 20 and 20.
20
Calculate the highest common factor of 330 and 420.
30
What is the highest common factor of 114 and 1425?
57
What is the greatest common divisor of 1284 and 48?
12
Calculate the greatest common divisor of 36 and 864.
36
Calculate the highest common factor of 66 and 704.
22
Calculate the greatest common factor of 10278 and 18.
18
Calculate the greatest common factor of 37 and 47.
1
Calculate the greatest common divisor of 53 and 22949.
53
What is the greatest common factor of 22015 and 238?
119
What is the greatest common divisor of 43 and 127753?
43
Calculate the greatest common divisor of 4500 and 36.
36
Calculate the highest common divisor of 16 and 4976.
16
What is the highest common factor of 612 and 108?
36
Calculate the highest common factor of 126 and 86310.
126
Calculate the greatest common factor of 2479 and 134.
67
Calculate the highest common divisor of 96 and 3336.
24
What is the greatest common factor of 38 and 5282?
38
Calculate the highest common factor of 1508 and 104.
52
Calculate the highest common divisor of 342 and 5358.
114
Calculate the highest common divisor of 3526 and 172.
86
What is the greatest common factor of 391 and 187?
17
What is the highest common divisor of 255 and 57?
3
Calculate the highest common divisor of 1 and 7.
1
What is the highest common factor of 4293 and 81?
81
Calculate the greatest common factor of 700 and 210.
70
Calculate the highest common divisor of 5148 and 495.
99
What is the highest common divisor of 10 and 115?
5
What is the highest common divisor of 603 and 27?
9
What is the highest common factor of 11070 and 246?
246
What is the greatest common factor of 42 and 798?
42
Calculate the greatest common factor of 85 and 170.
85
Calculate the highest common factor of 98 and 1162.
14
Calculate the highest common factor of 23 and 6371.
23
What is the highest common divisor of 45 and 60?
15
Calculate the highest common divisor of 884 and 68.
68
What is the greatest common factor of 160 and 216?
8
Calculate the greatest common divisor of 117 and 2106.
117
Calculate the greatest common divisor of 819 and 399.
21
What is the highest common factor of 19 and 304?
19
What is the greatest common factor of 17010 and 42?
42
Calculate the highest common divisor of 6 and 1896.
6
What is the greatest common divisor of 78 and 1508?
26
What is the highest common divisor of 65 and 338?
13
What is the greatest common factor of 8 and 632?
8
Calculate the highest common factor of 1534 and 295.
59
Calculate the greatest common factor of 128 and 8.
8
Calculate the greatest common factor of 26 and 702.
26
Calculate the greatest common divisor of 59 and 1.
1
Calculate the highest common factor of 69 and 276.
69
What is the highest common factor of 44 and 4?
4
Calculate the greatest common factor of 196 and 28.
28
What is the greatest common factor of 1770 and 7611?
177
Calculate the greatest common factor of 529 and 23.
23
Calculate the greatest common divisor of 848 and 53.
53
What is the greatest common factor of 9 and 2187?
9
What is the highest common divisor of 66 and 462?
66
Calculate the highest common factor of 5685 and 15.
15
What is the highest common divisor of 150 and 6?
6
What is the highest common divisor of 136 and 704?
8
What is the highest common divisor of 119 and 2125?
17
What is the highest common divisor of 265 and 371?
53
Calculate the highest common factor of 63 and 35.
7
What is the greatest common divisor of 53 and 7261?
53
Calculate the greatest common divisor of 875 and 245.
35
What is the greatest common divisor of 518 and 434?
14
Calculate the highest common divisor of 2 and 214.
2
Calculate the greatest common divisor of 540 and 4752.
108
What is the greatest common factor of 26 and 390?
26
Calculate the greatest common divisor of 4 and 102.
2
Calculate the greatest common divisor of 3740 and 44.
44
What is the greatest common factor of 432 and 16?
16
What is the highest common factor of 26 and 793?
13
Calculate the greatest common factor of 258 and 12.
6
Calculate the greatest common factor of 1020 and 1140.
60
What is the greatest common factor of 408 and 36?
12
Calculate the greatest common factor of 11 and 121.
11
Calculate the highest common divisor of 13 and 1404.
13
Calculate the highest common divisor of 1496 and 221.
17
Calculate the highest common divisor of 26 and 5941.
13
Calculate the greatest common divisor of 84 and 12.
12
What is the highest common divisor of 7792 and 16?
16
What is the greatest common divisor of 2968 and 112?
56
Calculate the highest common factor of 468 and 36.
36
Calculate the highest common factor of 11 and 1705.
11
Calculate the highest common divisor of 40 and 250.
10
What is the greatest common divisor of 81 and 351?
27
Calculate the greatest common factor of 160 and 10.
10
Calculate the greatest common divisor of 2072 and 560.
56
Calculate the highest common divisor of 1887 and 51.
51
What is the highest common factor of 667 and 87?
29
What is the highest common divisor of 59 and 2183?
59
What is the greatest common factor of 55 and 583?
11
What is the greatest common factor of 5296 and 32?
16
What is the highest common factor of 20 and 860?
20
What is the greatest common factor of 139 and 31692?
139
What is the greatest common divisor of 3382 and 152?
38
What is the highest common factor of 2688 and 252?
84
Calculate the greatest common divisor of 8010 and 90.
90
Calculate the greatest common factor of 166 and 4814.
166
Calculate the greatest common factor of 7 and 43.
1
What is the greatest common factor of 456 and 3?
3
What is the greatest common divisor of 67 and 4891?
67
Calculate the greatest common divisor of 14 and 98.
14
Calculate the highest common factor of 330 and 1870.
110
What is the highest common divisor of 459 and 297?
27
What is the greatest common factor of 28 and 518?
14
Calculate the highest common divisor of 2526 and 6.
6
Calculate the greatest common divisor of 504 and 2376.
72
Calculate the 